 12, what is 1 - -3913?
3914
In base 8, what is -1 - -156?
155
In base 5, what is 10 + -3022?
-3012
In base 4, what is 10 + 13332?
20002
In base 12, what is -3a + -3?
-41
In base 5, what is 134 + 10?
144
In base 5, what is -10104 + 4?
-10100
In base 7, what is -2 - -3446?
3444
In base 4, what is 3 - -13131?
13200
In base 5, what is -42430 + 2?
-42423
In base 12, what is -1070 - 0?
-1070
In base 16, what is 4 + -2fa?
-2f6
In base 11, what is 7 - 25?
-19
In base 12, what is 7 - -46a9?
46b4
In base 8, what is 264 + -2?
262
In base 6, what is -1444 - 1?
-1445
In base 16, what is -1 + 5d1?
5d0
In base 3, what is 0 + -210121?
-210121
In base 14, what is 3 - 425?
-422
In base 16, what is -5 - 5?
-a
In base 2, what is 11 - 110111?
-110100
In base 9, what is -5 + 205?
200
In base 12, what is 21 - 6?
17
In base 12, what is 1 + 4b?
50
In base 8, what is -5 + 1373?
1366
In base 6, what is -1 - -520?
515
In base 16, what is 5 - 22?
-1d
In base 12, what is -3677 - 1?
-3678
In base 9, what is 73 + 125?
208
In base 6, what is -5 - -34?
25
In base 5, what is -13410 - -1?
-13404
In base 13, what is -2 + -424?
-426
In base 5, what is -2 - 4011?
-4013
In base 14, what is -6 + -443?
-449
In base 13, what is -2 + 135?
133
In base 4, what is 2 - -311?
313
In base 10, what is -7 + -91?
-98
In base 14, what is 2 + b5?
b7
In base 5, what is 13203 - 11?
13142
In base 11, what is -49 + -208?
-256
In base 5, what is 11 - -4212?
4223
In base 4, what is 11001310 - -2?
11001312
In base 6, what is -12435 - 4?
-12443
In base 8, what is 5 - 26?
-21
In base 15, what is -3 + 48?
45
In base 15, what is -4 - 32e?
-333
In base 15, what is 14 + -6?
d
In base 5, what is 211010 - -3?
211013
In base 3, what is 22221 - -21?
100012
In base 14, what is -a6 + 0?
-a6
In base 2, what is 10 - -11000110?
11001000
In base 6, what is 2 - 2130?
-2124
In base 10, what is -2 + 198?
196
In base 14, what is -110 + 5?
-109
In base 7, what is -2 + -2513?
-2515
In base 15, what is 0 + -4c?
-4c
In base 14, what is -41 - 0?
-41
In base 15, what is -10a - -2?
-108
In base 4, what is -2200 - 12?
-2212
In base 7, what is -452 - 14?
-466
In base 15, what is -2e + 0?
-2e
In base 16, what is -1 - 472?
-473
In base 12, what is a - 0?
a
In base 9, what is -3 + 26?
23
In base 14, what is -20 + -75?
-95
In base 16, what is d + 103?
110
In base 16, what is -a + -19?
-23
In base 12, what is 1 - 37?
-36
In base 10, what is -5981 - -4?
-5977
In base 7, what is -1650 + -5?
-1655
In base 3, what is -21120110 - 12?
-21120122
In base 15, what is e + -2b?
-1c
In base 14, what is 6d3 + 8?
6db
In base 15, what is 4 + -12b?
-127
In base 15, what is -b9 + 2?
-b7
In base 10, what is -1663 + -4?
-1667
In base 12, what is -23 + -119?
-140
In base 15, what is 16 + -3?
13
In base 16, what is 5 + c?
11
In base 5, what is -21212 + -1?
-21213
In base 9, what is -63 - 8?
-72
In base 6, what is 2 + -122?
-120
In base 13, what is b + -54?
-46
In base 6, what is -1002 + 42?
-520
In base 8, what is 1 + -1506?
-1505
In base 9, what is 2 + 4755?
4757
In base 15, what is -8 + -17?
-20
In base 6, what is -3 + -123?
-130
In base 6, what is 414 - 10?
404
In base 6, what is -14410 - 3?
-14413
In base 13, what is 5 + 8c?
94
In base 16, what is 4 - -5e7?
5eb
In base 9, what is 2 + 2607?
2610
In base 11, what is 9 - -6a?
78
In base 16, what is 4 + -31?
-2d
In base 9, what is -4337 + -1?
-4338
In base 16, what is -5 + -468?
-46d
In base 7, what is 14 - -2046?
2063
In base 3, what is -222 - -1000?
1
In base 9, what is 15 + 8?
24
In base 14, what is -191 + 0?
-191
In base 7, what is 31 + -56?
-25
In base 15, what is -5 + 16?
11
In base 5, what is -1 + 213?
212
In base 15, what is 127 + 5?
12c
In base 5, what is 1432 - 10?
1422
In base 14, what is -5 - 170?
-175
In base 13, what is 58 + 7?
62
In base 16, what is -13 + 11?
-2
In base 10, what is 73 - -5?
78
In base 16, what is -1 + -2eb?
-2ec
In base 4, what is 222 + -3?
213
In base 16, what is 4 - -32?
36
In base 8, what is 2 + -142?
-140
In base 14, what is b72 + -3?
b6d
In base 15, what is 5 - 8de?
-8d9
In base 9, what is -2 + -287?
-300
In base 9, what is -5 + -83?
-88
In base 9, what is 4 - -3201?
3205
In base 15, what is 0 + 55?
55
In base 9, what is 3 + -4454?
-4451
In base 2, what is -11 + -11100001111?
-11100010010
In base 16, what is 75 - -18?
8d
In base 13, what is -1 - 29c?
-2a0
In base 9, what is -7 + -17?
-25
In base 13, what is 0 - cc?
-cc
In base 6, what is -120 + -5?
-125
In base 8, what is 5 - 141?
-134
In base 7, what is 40 + 0?
40
In base 2, what is 100 + -11101111100?
-11101111000
In base 9, what is 2048 + -1?
2047
In base 4, what is 12 + -113?
-101
In base 4, what is 1333 - -1?
2000
In base 11, what is -60 + -197?
-247
In base 11, what is 73 + -1?
72
In base 12, what is -2 - 187?
-189
In base 2, what is 1010 + 11101?
100111
In base 15, what is 13 - -79?
8c
In base 8, what is 2333 - 1?
2332
In base 4, what is 223 - 200?
23
In base 9, what is -1360 - 2?
-1362
In base 15, what is 3a - 0?
3a
In base 7, what is 4 + 6?
13
In base 11, what is -2 + -767?
-769
In base 15, what is -2b + -45?
-71
In base 8, what is 40 + -73?
-33
In base 8, what is -2546 + -3?
-2551
In base 5, what is -2033 - 2?
-2040
In base 15, what is -9c - 71?
-11d
In base 8, what is -3212 - -10?
-3202
In base 7, what is -35264 - 2?
-35266
In base 6, what is 213 + 4?
221
In base 4, what is 2 + -1302?
-1300
In base 11, what is -560 + 4?
-557
In base 5, what is -32 - -3?
-24
In base 12, what is -21 - 4?
-25
In base 7, what is -546 + -5?
-554
In base 4, what is 130 + 113?
303
In base 11, what is -31 - 43?
-74
In base 13, what is -2a30 + -3?
-2a33
In base 8, what is 12 - 135?
-123
In base 2, what is -1000 + -1101100010?
-1101101010
In base 4, what is -10 - -120?
110
In base 14, what is -82 + d?
-73
In base 2, what is 1000 - 10011?
-1011
In base 3, what is -10222 + -12?
-11011
In base 16, what is 4f - -2?
51
In base 15, what is 0 - 89?
-89
In base 6, what is -1155 + -5?
-1204
In base 6, what is -1542 + -5?
-1551
In base 7, what is -5 - 53?
-61
In base 11, what is -3 + 316?
313
In base 8, what is 3 + -123?
-120
In base 3, what is 121012010 - -11?
121012021
In base 7, what is -3403 + -2?
-3405
In base 7, what is -4 + -40?
-44
In base 15, what is 5 - -1e4?
1e9
In base 5, what is -10 + -21234?
-21244
In base 8, what is 2 - -3466?
3470
In base 16, what is 13b - -3?
13e
In base 5, what is 214 + 1?
220
In base 12, what is -3 + 7b?
78
In base 4, what is 10 - -10102?
10112
In base 10, what is -152 - -4?
-148
In base 2, what is -1001111 - -1101?
-1000010
In base 11, what is -1625 - -4?
-1621
In base 14, what is 3db + -1?
3da
In base 16, what is cb + 0?
cb
In base 6, what is -5100 - -12?
-5044
In base 14, what is 60 + -4a?
14
In base 5, what is 41 + 1121?
1212
In base 9, what is -1 - -158?
157
In base 7, what is -4365 - 0?
-4365
In base 5, what is 10 + 14?
24
In base 14, what is 96 - 6?
90
In base 12, what is -1 + 37?
36
In base 7, what is -1 - -15644?
15643
In base 3, what is 10 + -2011122?
-2011112
In base 5, what is 1 - 14024?
-14023
In base 8, what is 5 - -7162?
7167
In base 4, what is 3 - 3232?
-3223
In base 9, what is -142 + -3?
-145
In base 5, what is 31 + -3020?
-2434
In base 10, what is 35552 + -2?
35550
In base 11, what is -9 + -1a?
-28
In base 2, what is 10110011010010 - -100?
10110011010110
In base 8, what is -5162 + 1?
-5161
In base 13, what is -a - 48?
-55
In base 11, what is -5 - -37?
32
In base 11, what is 0 - -358a?
358a
In base 16, what is -1 - 11?
-12
In base 10, what is -9 + -9?
-18
In base 9, what is 5 + 41?
46
In base 6, what is 24 - -1013?
1041
In base 12, what is -4 + 2?
-2
In base 15, what is -103 + 0?
-103
In base 6, what is 2 - 231?
-225
In base 16, what is -f - 86a?
-879
In base 12, what is 8 - -29?
35
In base 10, what is 3 + -60?
-57
In base 7, what is -15 - 4?
-22
In base 4, what is 1220 - 1?
1213
In base 9, what is 370 - 0?
370
In base 3, what is -11 - -22120?
22102
In base 5, what is 4043 - -2?
4100
In base 8, what is -700 + -26?
-726
In base 10, what is -8 + 1431?
1423
In base 8, what is 17 - -31?
50
In base 10, what is -297 + 2?
-295
In base 8, what is -41 + -1?
-42
In base 7, what is -33525 - -4?
-33521
In base 9, what is 0 - -7?
7
In base 15, what is 4b3 - -2?
4b5
In base 3, what is -12 + -110011?
-11